.
5
Let k(a) = -a**3 + 11*a**2 + 12*a. Let p(s) = -s**3 + 8*s**2 + 8*s. Let r(z) = 5*k(z) - 7*p(z). List the prime factors of r(4).
2
Let h be 134/2*(5 + -6). Let i(b) = b - 37. Let t be i(6). Let x = t - h. List the prime factors of x.
2, 3
Suppose -y + 2*g - 7 = 0, 5*y = -4*g - 2 + 9. List the prime factors of -6*(((-2)/2 - y) + -16).
2, 3
Suppose 924372 + 305850 = 17*v. Suppose 51*z = 9*z + v. List the prime factors of z.
1723
Let d(l) be the third derivative of -5/24*l**4 + 19/60*l**5 + 0*l - 4/3*l**3 - 47*l**2 + 0. List the prime factors of d(-3).
2, 89
Suppose 0 = -42*c + 46*c - 5920. Let i = c - 942. What are the prime factors of i?
2, 269
List the prime factors of 4836/48*(-992)/(10 - 12).
2, 13, 31
Let z = 12638 + -11791. List the prime factors of z.
7, 11
Let y(o) = o**2 + 17*o - 38. Let l be y(-19). Let w be (-1 - l/(-4))*-3 + 868. Suppose 5*s = w - 286. List the prime factors of s.
3, 13
Suppose i - 19002 = -3*m - 6687, -49232 = -4*i + 2*m. Suppose i = 24*b - 19611. What are the prime factors of b?
2, 5, 7, 19
Let t(n) = 0*n**3 - 15*n**2 - 6*n**2 + 0*n**3 - 9 + 53*n - 12 + n**3. What are the prime factors of t(22)?
3, 181
Let j = 593 + -564. Suppose 64 = 3*c - 14*b + 19*b, -3*c + 2*b = -j. List the prime factors of c.
13
List the prime factors of (6/3 + 695 + (-21)/(-63))*15.
2, 5, 523
Let f(p) be the second derivative of 5*p**4/12 + 11*p**3/6 + 49*p**2/2 + 13*p + 6. What are the prime factors of f(-6)?
163
Let d(w) = 9705*w**3 - w**2 - 2*w + 1. Let f be d(1). Suppose 12*o + 919 = f. What are the prime factors of o?
2, 3, 61
Let o(z) = -10*z**3 + 2*z**2 - 2*z - 2. Let b be o(-3). Let f be 498 - ((-92)/(-22) - 6/33). Let h = f - b. List the prime factors of h.
2, 101
Suppose c - 2*h - 110 = -c, c + 3*h - 47 = 0. Let p(s) = s**2 - 13*s + 7. Let i be p(10). Let u = i + c. List the prime factors of u.
2, 3, 5
Suppose -88185 - 8846 = -11*c. What are the prime factors of c?
8821
Let q(o) be the first derivative of 59*o**3/3 + o**2 + 2*o - 2. Let z be (10/5)/(-2)*1. List the prime factors of q(z).
59
Suppose -1 = j + 4*b - 26, 3*j = -5*b + 75. Let w = 27 - j. Suppose 4*a - 3 + 0 = p, -w*p = a - 12. What are the prime factors of p?
5
Suppose -5*g = -4*h - 67, 5*g + 3*h - 86 + 5 = 0. Suppose 0 = -5*u - 4*c - g, -2*c = u - 4*c - 11. What are the prime factors of (-95)/3*((-8)/4 - u)?
5, 19
Let o(d) = d**3 - 18*d**2 - 8*d - 26. What are the prime factors of o(21)?
1129
List the prime factors of (-4 - (-2 - 3)) + 5 - (-22213 + 4).
3, 5, 1481
Suppose -u = -7*l + 8*l - 12, 4*l = 2*u + 42. Let n(d) be the third derivative of 11*d**4/24 - d**2. List the prime factors of n(l).
11
Let j(i) = 136*i + 140. Let h be j(-6). Let d = h + 1006. What are the prime factors of d?
2, 3, 5, 11
Suppose -437455 = -13*o - 7*o + 140065. What are the prime factors of o?
2, 7219
Let q(r) = r**3 + 13*r**2 + 14. Let a be q(-13). What are the prime factors of 4/a + 1788/14?
2
Let y(b) = b - 1. Let k(n) = -4*n + 4. Let i(l) = 2*k(l) + 7*y(l). Let m(q) = -12*q + 46. Let c(t) = 6*i(t) - m(t). List the prime factors of c(13).
2, 19
Let s be 48 - 3*4/(-3). Suppose -3*n + 225 = u, 0*u = -3*n - 3*u + 231. Let z = n - s. List the prime factors of z.
2, 11
Let u be 59 - (0 + 0)/(-2). Suppose 47*r = -41*r + 29*r + 295. Suppose r*g - 46 = u. What are the prime factors of g?
3, 7
Suppose -15*d = -10*d - 35. Suppose -d*r + 84 = -5*r. List the prime factors of r.
2, 3, 7
Let p(x) = 19*x + 37. Let r be p(27). Suppose 4*w = -7*w + r. What are the prime factors of w?
2, 5
Let c(t) = -5233*t**3 + 2*t + 3. List the prime factors of c(-1).
2, 2617
Let z(r) = 20 + 8*r - 38 - 47. Let j be z(9). Suppose 4*f + 27 = j*f. List the prime factors of f.
3
Let g = 370 - 199. Suppose 2*y - 317 = g. What are the prime factors of y?
2, 61
What are the prime factors of 301/(-86)*6/(-7) + 7*1270?
8893
Let l be (-1)/(-2) + (-22923)/(-54). Let z = l + -218. List the prime factors of z.
3, 23
Let x(f) = 8*f**2 - 113*f + 17. Let a be x(14). Let q be -1*1/1*0. Suppose 0 = 5*k - 4*j + 3*j - 519, a*k - 2*j - 317 = q. List the prime factors of k.
103
Suppose 286*q + 8 = 278*q. List the prime factors of q/((-3)/1758) - -7.
593
Let r = -4 - -4. Let k(j) = 40*j + 52. Let m be k(-1). Suppose r = m*p - 6*p - 132. List the prime factors of p.
2, 11
Let b be (6/(-4))/((-1)/78). Let q be (-1)/(-2) - 1 - 15/(-10). What are the prime factors of b/(q + 1/2)?
2, 3, 13
Suppose 0 = 2*x + 17 - 13, 5*w - 2*x = 23544. List the prime factors of w.
2, 11, 107
Let b(k) be the third derivative of -k**6/120 - k**5/30 + 5*k**4/8 - k**3/3 + 15*k**2. Let q be b(-5). What are the prime factors of 3/(-3) - (q - (63 - 3))?
61
Let h be (((-54)/(-24))/(-3))/(2/2672). Let q = 2176 + h. List the prime factors of q.
2, 587
Let w = -8771 + 58353. List the prime factors of w.
2, 13, 1907
Let i(j) = -11*j**3 - 11*j**2 - 10*j - 71. List the prime factors of i(-6).
11, 179
Let z(l) = -l**2 - 16*l + 12*l + 6*l + 44. What are the prime factors of z(7)?
3
Suppose 5*f + c = 4596, 8*c - 6*c = -8. Let m = f - 231. List the prime factors of m.
13, 53
Let z = 1746 + 11519. What are the prime factors of z?
5, 7, 379
Let z(w) = w**3 - 5*w**2 + 8*w - 8. Let i be z(4). Suppose i*l = -889 - 247. Let q = 241 + l. What are the prime factors of q?
3, 11
Let r be 21/35 - (-7)/5 - 1048. Let p = -1159 + r. What are the prime factors of p/(-12) - (-3)/12?
2, 23
Let k be (-12232)/(-6) - 30/(-90). Let s = k - 917. List the prime factors of s.
2, 3, 11, 17
Let t(w) = -93*w**3 + 15*w**2 - 35*w + 4. Let f be t(2). Let l = -476 - f. List the prime factors of l.
2, 137
Let d(k) = -6 + 14 + 16 + 37*k + 3 - 3*k**2 - 141*k. What are the prime factors of d(-22)?
863
Suppose 0 = 2*f - 32 + 114. Let x = 207 - f. List the prime factors of x.
2, 31
Suppose 54*o = -23831 + 2256839. List the prime factors of o.
2, 3, 1723
Let z be 2/(-7) - 333/(-63). Let a = z + -2. Suppose a = 5*n - 7. List the prime factors of n.
2
Let p(l) = l**3 + l**2 - 5*l + 3. Let f be p(1). Suppose i - 5*i - o + 215 = 0, f = -i + 4*o + 41. Suppose 13*g - 14*g + i = 0. List the prime factors of g.
53
Suppose -y = -3*d - 3241, -23*y + 19*y - 2*d = -12908. List the prime factors of y.
3229
Suppose -6 = -5*q - 1. Let y(i) = -9*i**3 + i**2 + i - 1. Let z be y(q). List the prime factors of z*16/(-20)*35/2.
2, 7
Let s be (2 - 28/(-6)) + (-20)/12. Let z(t) = -t**2 + 4*t + 2. Let o be z(3). Suppose 2*x - o*x = 5*h - 41, 4*h - s*x = 55. List the prime factors of h.
2, 5
Suppose 26 = -0*i + i. Let p(s) = -8*s**2 - 55*s + 100. Let b(q) = 3*q**2 + 18*q - 32. Let o(k) = 11*b(k) + 4*p(k). What are the prime factors of o(i)?
2, 19
Let p = -252 + 2600. What are the prime factors of p?
2, 587
Suppose -2*o - 2*g = 2*o + 4, 0 = -o + 3*g - 1. Let v be ((-1)/o*-50)/2. List the prime factors of 15/v + (-768)/(-5).
3, 17
Suppose -5*i = -25, -27 - 38 = -5*r - i. Suppose 20*m = 16*m - r. What are the prime factors of ((-2)/(1 + 1))/(m/54)?
2, 3
Suppose -331691 - 171994 = -49*r + 14245. List the prime factors of r.
2, 5, 7, 151
Let o(j) = -j**2 + 28*j - 100. Let y be o(24). Let i(f) = -83*f + 87. What are the prime factors of i(y)?
419
Let u = 19951 + -3851. Suppose 1521*l = 1511*l + u. List the prime factors of l.
2, 5, 7, 23
Let d(l) = l**2 + 21*l + 42. Let h be d(-20). Suppose h*w - 7320 = 7*w. What are the prime factors of w?
2, 61
Suppose 130 = -q + 6*q. Let v = q + -23. Suppose v*s + 11 = 158. List the prime factors of s.
7
Let q be -2 + -1 - (-4 + 1). Suppose -3*o - 6*o + 90 = q. What are the prime factors of -60*45/18*(-2)/o?
2, 3, 5
Let m be 20/(-6)*18/10. Let n(f) = -f**3 + 4*f**2 - 5*f - 27. List the prime factors of n(m).
3, 11
Let g = 19 + -17. Suppose 3*b - 82 = g*v, 5*v + 2*b + 106 + 118 = 0. Let i = 199 + v. List the prime factors of i.
5, 31
Let h(c) = -2*c + 7351. List the prime factors of h(0).
7351
Suppose 81686 + 15970 = 52*h. What are the prime factors of h?
2, 3, 313
Suppose 20*l - 20*l = 13*l - 1404. List the prime factors of l.
2, 3
List the prime factors of ((-3 - -1) + 977)/((-18)/(-4590)*17).
3, 5, 13
Let a(i) = i**2 - 6*i - 13. Let c be a(7). Let v be (-385)/10*c/3. Let o = v + 84. What are the prime factors of o?
7, 23
Let n(v) be the third derivative of 173*v**5/60 + v**4/24 - v**3/6 + 61*v**2. List th